r of g and a?
6
Let u be (-10)/(-30)*(-69 - 0). Let o = 34 + u. Calculate the highest common factor of 33 and o.
11
Let u be (-14)/(-2) + 0 + -2. Let o be 243/u - (-8)/20. What is the greatest common divisor of 7 and o?
7
Let f(c) = c**3 - 5*c**2 - 2*c + 3. Let i be f(6). Suppose -x + 27 = -0*x. Suppose j = 4*j - x. Calculate the highest common factor of j and i.
9
Let d(z) = -z + 6. Let c be d(5). Let a be 2/(-4)*(23 + c). Let t = a + 24. What is the highest common factor of t and 18?
6
Suppose -2*p + 2*w + 34 = 0, -2*p - 4*w + 0*w + 16 = 0. Let d(j) = j**2 + 6*j + 1. Let a be d(-5). Let g = a + 6. What is the highest common divisor of g and p?
2
Suppose -20*l - 88 = -31*l. Calculate the highest common divisor of 8 and l.
8
Suppose -2*r + 32 = -0. What is the highest common divisor of r and 80?
16
Let k(g) = -g**2 - 7*g - 6. Let a be k(-5). Suppose -5*o = a*j - 61 + 1, 0 = -4*j + 20. What is the greatest common factor of 56 and o?
8
Suppose -k + 2 - 17 = -3*y, 15 = k + 3*y. Suppose -i = -2*g - 5 + 2, -i - 4*g - 9 = k. Let h be (i + 6)/(1/4). What is the highest common factor of 4 and h?
4
Let y(z) = -z**2 - 6*z + 67. Let u be y(-11). Let c = -1 - -7. Calculate the highest common divisor of u and c.
6
Let x = -15 - -28. Suppose -2*j - 12 = -1084. Suppose -3*o - 2*n - 117 = -j, -o + 168 = -5*n. What is the highest common factor of x and o?
13
Suppose 4*n = -0*n - 4*i + 104, -n + 3*i = -42. Let o(s) = 2*s**2 + 46*s + 6. Let r be o(-23). What is the greatest common divisor of n and r?
6
Let b = -23 - -27. What is the highest common factor of 2 and b?
2
Suppose m + 0 + 4 = 0, 4*o = 5*m + 284. Let l(t) = -t**2 + 2*t - 3. Let k be l(2). Let a = k + 9. What is the greatest common divisor of a and o?
6
Let g = 104 + -71. Let n = -2 - -5. Calculate the greatest common factor of g and n.
3
Suppose 0 = -4*i - 8 + 28. Suppose i*p = 5 + 45. What is the highest common divisor of 30 and p?
10
Suppose -5*y = -29 - 21. Let c be 3*((-4)/(-6) - 0). Calculate the highest common divisor of c and y.
2
Suppose -2*t - 4 + 34 = 0. What is the highest common divisor of 60 and t?
15
Let c(q) = -q - 12. Let j be c(-12). Suppose 5*z + 45 - 200 = j. What is the highest common factor of z and 217?
31
Let u(h) = -h**3 - h**2 - h - 31. Let q be u(0). Let x = q + 64. What is the highest common divisor of 22 and x?
11
Let n be 6 - (-2)/((-10)/15). Suppose 4*k = 4 - 0. What is the highest common divisor of n and k?
1
Suppose 18*a - 165 = 15*a. Let r be 9/2 + 1/2. Calculate the greatest common factor of a and r.
5
Let m(b) = -1929*b + 3. Let o be m(-2). Let i be (-2)/14 + o/77. Suppose -3*k - 3*c + 97 = 2*k, 4*c - 76 = -4*k. What is the highest common factor of k and i?
10
Let p(x) = -x - 2. Suppose -f = 3*f + 20. Let n be p(f). Suppose -n*w + 16 = -w. What is the highest common divisor of w and 1?
1
Let p = 101 + -59. What is the greatest common divisor of p and 3?
3
Let d = -417 - -662. Calculate the greatest common factor of 35 and d.
35
Let u(g) = -2 + 4*g**2 - 4*g**2 + 8*g + g**2. Let w be u(-6). Let q = w - -77. What is the greatest common divisor of q and 9?
9
Let l = 7 + 5. Suppose -13 = -2*m - 1. What is the greatest common divisor of m and l?
6
Let x be (-3 - (-12)/3)*2. Suppose 2*v + x*s = 7*v - 225, -s = -4*v + 180. Calculate the greatest common factor of v and 15.
15
Let p(x) = -x - 5. Let z be p(-9). What is the greatest common factor of z and 12?
4
Let d(i) = -i**3 - i**2 + i + 3. Let v be d(0). Let f be (-3)/9*v/(-1). Let m(z) = 11*z. Let j be m(f). Calculate the highest common divisor of j and 1.
1
Let g(j) = -j**2 - 11*j - 5. Let a be g(-6). What is the greatest common factor of a and 10?
5
Let z = -77 - -92. Suppose 2*h + 12 = 6*h. What is the highest common factor of h and z?
3
Let k(o) = -o + 19. Let s be k(10). What is the greatest common divisor of 1 and s?
1
Let f be (0 + 10)*5/5. What is the greatest common divisor of f and 25?
5
Suppose 3*y + 2*y - 14 = -3*p, -4*p = -2*y - 10. Suppose 0 = -5*a + 3*z + 196, 2*z = -5 + y. Let c = a + -17. Calculate the highest common factor of c and 147.
21
Let r be (-16)/40 + 1 + 64/10. Calculate the highest common factor of r and 14.
7
Suppose 1 = -s - 5. Let l = 10 + s. Suppose 12 = 2*b - l*j, 3*j - 54 = -b - 2*b. Calculate the highest common divisor of 7 and b.
7
Suppose 2*a + 10 = -q - a, q + 2*a = -9. Let n = 3 + q. Let b(k) = -18*k - 2. Let v be b(n). What is the greatest common divisor of 10 and v?
10
Let u(k) = 4*k**2 + 2*k + 3. Let m be u(-2). Suppose -w - 4*f + 127 = 0, f + 768 = 5*w + 91. What is the highest common divisor of m and w?
15
Let b(p) = -p**2 - 6*p - 2. Let i be b(-4). Let r be (-129)/(-9) + (-2)/i. Let a = -23 - -79. Calculate the greatest common divisor of a and r.
14
Let j(k) = -k**3 + 2*k**2 + 2*k - 1. Let r be j(2). Suppose -2*w + 36 = -0*w - 2*f, -r*w + 50 = f. What is the highest common factor of 136 and w?
17
Let x be (-4)/22 - 195/(-165). What is the greatest common divisor of x and 9?
1
Let y(o) = -97*o - 2. Let d be y(-1). Calculate the greatest common factor of 19 and d.
19
Let w(f) = -f**3 + 15*f**2 - 13*f - 16. Let b be w(14). Let q be 2 + -5 - (-26 + b). What is the highest common factor of 25 and q?
25
Suppose -j = 19 + 7. Let b = j + 43. What is the highest common divisor of 119 and b?
17
Let c = 37 + -21. Let o = 4 + c. Let b = -9 + o. What is the highest common factor of 88 and b?
11
Let o = -14 + 74. Let r(m) = 5*m + 2 + 12*m**2 - 1 - 6*m. Let k be r(1). Calculate the greatest common factor of k and o.
12
Let n(b) = -b**3 - 5*b**2 - 3*b + 7. Let a be n(-5). Let d = 62 - a. What is the highest common factor of d and 5?
5
Suppose 93 = -d + 120. What is the highest common divisor of 18 and d?
9
Let i be 3*(-1)/((-2)/14). Let j be 62 + ((-9)/3)/(-3). What is the highest common factor of i and j?
21
Suppose -6 = -2*x - 22. Let v(t) = -t**3 + t + 252. Let l be v(0). Let k be 4/(-3)*l/x. What is the highest common factor of 14 and k?
14
Let z be (-2)/(4 + -2) + -4. Let w be 1 - 1 - (-12 - z). What is the greatest common divisor of 28 and w?
7
Let a = -190 + -6. Let x = 300 + a. What is the highest common divisor of 13 and x?
13
Let u be -1*(-3 + 2 + -95). Let x(d) = 12*d**3 - d**2 + d. Let a be x(1). Calculate the highest common divisor of u and a.
12
Let x(l) = -l**3 + 12*l**2 + 16*l + 9. Let m be x(13). Calculate the highest common divisor of m and 24.
24
Suppose -k - 4*k - 22 = 3*b, 26 = -3*k - 5*b. Let v be k/(((-24)/9)/4). Let n be (6/v + -3)*-50. Calculate the highest common factor of 20 and n.
10
Let f(g) = 7*g**2 + g - 4. Let l be f(5). Calculate the greatest common divisor of l and 16.
16
Let d(s) = -4*s + 4. Let z be d(-5). Let y be ((-10)/8)/(2/(-8)). Suppose 2*x + 180 = y*x. Calculate the greatest common factor of z and x.
12
Suppose 2*c - 35 = 3*n, 2*c = -2*c - n + 49. What is the greatest common factor of 104 and c?
13
Let i = -104 - -125. What is the highest common factor of i and 21?
21
Let o be ((-6)/4)/((-24)/32). Suppose 0*n - 49 = -5*s - o*n, 51 = 5*s + 3*n. Calculate the greatest common divisor of s and 36.
9
Let p(d) = 2*d + 15. Let a be p(5). What is the highest common factor of 75 and a?
25
Suppose -5*v + 7 = 4*f - 3, -v = -3*f + 17. Let b be 0 + (-2 + v - -1). Let z be -2 + b + 4 - -3. Calculate the highest common factor of z and 22.
2
Let m(k) = -k**2 + 6*k + 10. Let a be m(7). Suppose a*y + 66 = 165. Calculate the greatest common divisor of 3 and y.
3
Let b(s) = -s**2 + 2. Let r be b(0). Suppose 9 = -r*d - 4*v - 5, -d = -5*v - 28. What is the greatest common divisor of 12 and d?
3
Suppose -2*c - i = -48, 3*c = -i + 3*i + 72. What is the highest common factor of 6 and c?
6
Let t(q) = -6*q - 8. Let h be t(-5). What is the highest common factor of h and 198?
22
Suppose -4*f = -0 - 576. Suppose 0 = -3*n + 4*v - 20, -2*v = -5*n - 48 - 4. Let t be (2 - (-15)/n)*f. Calculate the greatest common divisor of 12 and t.
12
Let y be (-21)/(-6) + 3/6. Suppose 0*h = -y*h. Suppose -3*q = 2*o - 45, h*q = -3*o - 5*q + 67. What is the greatest common divisor of 36 and o?
12
Suppose 2*v - 263 = -3*d, 5*d + 427 = 4*v - 132. Let t = 25 - 8. What is the highest common factor of t and v?
17
Suppose 30 = -3*j - t - 13, -4*t = 3*j + 28. Let v = j + 42. What is the highest common d